{"id":22,"date":"2022-07-30T01:28:57","date_gmt":"2022-07-30T01:28:57","guid":{"rendered":"https:\/\/autoinbox.com.vn\/trangchu\/?page_id=22"},"modified":"2023-12-02T07:41:27","modified_gmt":"2023-12-02T07:41:27","slug":"gioithieuphanmem","status":"publish","type":"page","link":"https:\/\/autoinbox.com.vn\/trangchu\/","title":{"rendered":"Gi\u1edbi thi\u1ec7u ph\u1ea7n m\u1ec1m"},"content":{"rendered":"\n<p>Autoinbox.vn l\u00e0 m\u1ed9t ph\u1ea7n m\u1ec1m g\u1eedi tin nh\u1eafn t\u1ef1 \u0111\u1ed9ng tr\u00ean Fanpage v\u1edbi m\u1ee5c \u0111\u00edch gi\u00fap c\u00e1c doanh nghi\u1ec7p t\u0103ng doanh thu, gi\u1ea3m chi ph\u00ed qu\u1ea3ng c\u00e1o v\u00e0 t\u0103ng t\u1ed1i \u0111a \u0111i\u1ec3m ch\u1ea1m v\u00e0 \u0111\u1ed9 nh\u1eadn di\u1ec7n c\u1ee7a th\u01b0\u01a1ng hi\u1ec7u t\u1edbi kh\u00e1ch h\u00e0ng. Autoinbox.vn ho\u1ea1t \u0111\u1ed9ng m\u1ed9t c\u00e1ch an to\u00e0n, hi\u1ec7u qu\u1ea3 v\u00e0 \u0111\u00fang lu\u1eadt ( kh\u00f4ng v\u1ecb ph\u1ea1m lu\u1eadt 24h , kh\u00f4ng spam ) \u0111\u1ec3 \u0111\u1ea3m b\u1ea3o cho c\u00e1c doanh nghi\u1ec7p c\u00f3 th\u1ec3 qu\u1ea3n l\u00fd v\u00e0 t\u1ed1i \u01b0u data kh\u00e1ch h\u00e0ng c\u1ee7a m\u00ecnh tr\u00ean Fanpage, t\u1ed1i \u01b0u l\u1ee3i nhu\u1eadn b\u1eb1ng vi\u1ec7c b\u00e1n th\u00eam ho\u1eb7c b\u00e1n ch\u00e9o s\u1ea3n ph\u1ea9m cho kh\u00e1ch h\u00e0ng c\u0169 v\u00e0 kh\u00f4ng ph\u1ee5 thu\u1ed9c v\u00e0o qu\u1ea3ng c\u00e1o. <\/p>\n\n\n\n<p>Autoinbox.vn gi\u00fap cho doanh nghi\u1ec7p c\u00f3 th\u1ec3 g\u1eedi tin nh\u1eafn t\u1ef1 \u0111\u1ed9ng \u0111\u1ebfn kh\u00e1ch h\u00e0ng th\u00f4ng qua Fanpage, gi\u00fap ti\u1ebft ki\u1ec7m th\u1eddi gian v\u00e0 n\u1ed7 l\u1ef1c c\u1ee7a nh\u00e2n vi\u00ean marketing. \u0110i\u1ec1u n\u00e0y c\u0169ng gi\u00fap gi\u1ea3m chi ph\u00ed marketing v\u00e0 qu\u1ea3ng c\u00e1o m\u1ed9t c\u00e1ch \u0111\u00e1ng k\u1ec3 cho doanh nghi\u1ec7p. Ngo\u00e0i ra, Autoinbox.vn c\u0169ng gi\u00fap doanh nghi\u1ec7p t\u0103ng t\u1ed1i \u0111a \u0111i\u1ec3m ch\u1ea1m v\u00e0 \u0111\u1ed9 nh\u1eadn di\u1ec7n c\u1ee7a th\u01b0\u01a1ng hi\u1ec7u t\u1edbi kh\u00e1ch h\u00e0ng. <\/p>\n\n\n\n<p>Theo m\u1ed9t nghi\u00ean c\u1ee9u m\u1edbi \u0111\u00e2y, t\u1ec9 l\u1ec7 tr\u1ea3 l\u1eddi c\u1ee7a kh\u00e1ch h\u00e0ng th\u00f4ng qua c\u00e1c k\u00eanh giao ti\u1ebfp tr\u1ef1c ti\u1ebfp nh\u01b0 tin nh\u1eafn facebook l\u00e0 60% v\u00e0 email kho\u1ea3ng 40%, cao h\u01a1n so v\u1edbi k\u00eanh qu\u1ea3ng c\u00e1o truy\u1ec1n th\u1ed1ng. V\u00ec v\u1eady, vi\u1ec7c s\u1eed d\u1ee5ng Autoinbox.vn gi\u00fap cho doanh nghi\u1ec7p c\u00f3 th\u1ec3 t\u01b0\u01a1ng t\u00e1c v\u1edbi kh\u00e1ch h\u00e0ng m\u1ed9t c\u00e1ch nhanh ch\u00f3ng v\u00e0 hi\u1ec7u qu\u1ea3. Autoinbox.vn c\u0169ng gi\u00fap doanh nghi\u1ec7p qu\u1ea3n l\u00fd v\u00e0 t\u1ed1i \u01b0u data kh\u00e1ch h\u00e0ng c\u1ee7a m\u00ecnh. Ph\u1ea7n m\u1ec1m n\u00e0y cho ph\u00e9p doanh nghi\u1ec7p c\u00f3 th\u1ec3 ch\u1ecdn v\u00e0 s\u1eafp x\u1ebfp danh s\u00e1ch kh\u00e1ch h\u00e0ng d\u1ef1a tr\u00ean c\u00e1c ti\u00eau ch\u00ed kh\u00e1c nhau, gi\u00fap gi\u1ea3m th\u1eddi gian v\u00e0 c\u00f4ng s\u1ee9c trong vi\u1ec7c qu\u1ea3n l\u00fd d\u1eef li\u1ec7u kh\u00e1ch h\u00e0ng. <\/p>\n\n\n\n<p>Cu\u1ed1i c\u00f9ng, vi\u1ec7c s\u1eed d\u1ee5ng Autoinbox.vn gi\u00fap doanh nghi\u1ec7p b\u00e1n th\u00eam ho\u1eb7c b\u00e1n ch\u00e9o s\u1ea3n ph\u1ea9m cho kh\u00e1ch h\u00e0ng c\u0169. \u0110i\u1ec1u n\u00e0y \u0111\u00f3ng vai tr\u00f2 quan tr\u1ecdng trong vi\u1ec7c t\u0103ng doanh thu v\u00e0 l\u1ee3i nhu\u1eadn cho doanh nghi\u1ec7p. V\u1edbi nh\u1eefng l\u1ee3i \u00edch m\u00e0 Autoinbox.vn mang l\u1ea1i, ph\u1ea7n m\u1ec1m n\u00e0y \u0111\u00e3 \u0111\u01b0\u1ee3c s\u1eed d\u1ee5ng r\u1ed9ng r\u00e3i trong nhi\u1ec1u doanh nghi\u1ec7p, \u0111\u1eb7c bi\u1ec7t l\u00e0 c\u00e1c doanh nghi\u1ec7p kinh doanh online.<\/p>\n\n\n\n<figure class=\"wp-block-image size-full\"><img loading=\"lazy\" decoding=\"async\" width=\"520\" height=\"516\" src=\"https:\/\/autoinbox.com.vn\/trangchu\/wp-content\/uploads\/2022\/08\/image.png\" alt=\"\" class=\"wp-image-34\" srcset=\"https:\/\/autoinbox.com.vn\/trangchu\/wp-content\/uploads\/2022\/08\/image.png 520w, https:\/\/autoinbox.com.vn\/trangchu\/wp-content\/uploads\/2022\/08\/image-300x298.png 300w, https:\/\/autoinbox.com.vn\/trangchu\/wp-content\/uploads\/2022\/08\/image-150x150.png 150w\" sizes=\"auto, (max-width: 520px) 100vw, 520px\" \/><\/figure>\n\n\n\n<p>Autoinbox s\u1ebd g\u1eedi qua quy\u1ec1n bi\u00ean t\u1eadp vi\u00ean c\u1ee7a page g\u1eedi th\u1eb3ng qua h\u1ed9p th\u01b0 c\u1ee7a Fanpage ( Vi\u1ec7c l\u00e0m n\u00e0y gi\u1ed1ng nh\u01b0 c\u00f3 BTV c\u1ee7a fanpage truy c\u1eadp v\u00e0ng h\u00f2m th\u01b0 g\u1eedi tin cho kh\u00e1ch ch\u1ee9 kh\u00f4ng tr\u1ea3 l\u1eddi hay g\u1eedi tin b\u1eb1ng 1 ph\u1ea7n m\u1ec1m b\u00ean th\u1ee9 3 n\u00e0o c\u1ea3) <strong>=&gt;<\/strong> <strong>Kh\u00f4ng vi pham ch\u00ednh s\u00e1ch 24H c\u1ee7a FB<\/strong> v\u00ec lu\u1eadt n\u00e0y ch\u1ec9 \u00e1p d\u1ee5ng v\u1edbi c\u00e1c ph\u1ea7n m\u1ec1m c\u00f3 s\u1eed d\u1ee5ng k\u1ebft n\u1ed1i API v\u1edbi FB \u0111\u1ec3 g\u1eedi tin.<\/p>\n\n\n\n<p>&nbsp;V\u1edbi m\u1ed9t n\u1ed9i dung nh\u01b0ng t\u1ea1o ra h\u00e0ng ngh\u00ecn c\u00e2u kh\u00e1c nhau v\u1edbi t\u1ef7 l\u1ec7 text kh\u00e1c nhau tr\u00ean 50%, c\u00f9ng 1 h\u00ecnh \u1ea3nh, 1 video s\u1ebd t\u1ea1o ra th\u00e0nh h\u00e0ng ngh\u00ecn \u0111\u1ecba ch\u1ec9 \u1ea3nh kh\u00e1c nhau g\u1eedi cho kh\u00e1ch <strong>=&gt; S\u1ebd ho\u00e0n to\u00e0n lo\u1ea1i b\u1ecf \u0111\u01b0\u1ee3c vi\u1ec7c c\u1ea3nh b\u1ea3o spam c\u1ee7a facebook<\/strong><\/p>\n\n\n\n<p>&nbsp;C\u00f3 \u0111\u1ed9 tr\u1ec5 g\u1eedi gi\u1ed1ng ng\u01b0\u1eddi th\u1eadt<\/p>\n\n\n\n<p><strong>=&gt; \u0110\u00e2y l\u00e0 c\u00e1ch l\u00e0m \u0111\u00fang lu\u1eadt nh\u1ea5t khi g\u1eedi tin cho kh\u00e1ch c\u0169 n\u00ean b\u1ea1n c\u00f3 th\u1ec3 tho\u1ea3i m\u00e1i g\u1eedi cho kh\u00e1ch n\u1ed9i dung khuy\u1ebfn m\u00e3i , gi\u1ea3m gi\u00e1 , k\u00e8m \u1ea3nh , video m\u00e0 m\u00ecnh mong mu\u1ed1n, ch\u1ec9 c\u1ea7n 1 click.<\/strong><\/p>\n\n\n\n<p>C\u00e1ch \u0111\u1ec3 ki\u1ec3m tra d\u1ec5 d\u00e0ng nh\u1ea5t \u0111\u00f3 l\u00e0 khi nh\u1eafn tin b\u1eb1ng c\u00e1c ph\u1ea7n m\u1ec1m c\u00f3 k\u1ebft n\u1ed1i API b\u1ea1n c\u00f3 th\u1ec3 g\u1eedi tin nh\u1eafn trong v\u00f2ng 24h k\u1ec3 t\u1eeb tin nh\u1eafn cu\u1ed1i c\u00f9ng tho\u1ea3i m\u00e1i. Tuy nhi\u00ean sau 24h k\u1ec3 t\u1eeb tin nh\u1eafn cu\u1ed1i c\u00f9ng b\u1ea1n s\u1ebd kh\u00f4ng g\u1eedi \u0111\u01b0\u1ee3c tin nh\u1eafn cho kh\u00e1ch b\u1eb1ng ph\u1ea7n m\u1ec1m c\u00f3 k\u1ebft n\u1ed1i API nh\u01b0ng v\u1eabn kh\u00e1ch h\u00e0ng \u0111\u00f3 khi b\u1ea1n click sang h\u00f2m th\u01b0 c\u1ee7a fanpage \u0111\u1ec3 g\u1eedi b\u1ea1n s\u1ebd l\u1ea1i g\u1eedi \u0111\u01b0\u1ee3c b\u00ecnh th\u01b0\u1eddng.<\/p>\n\n\n\n<p><em>Kh\u00f4ng n\u00ean s\u1eed d\u1ee5ng nh\u1eefng ph\u1ea7n m\u1ec1m c\u1ea5p quy\u1ec1n truy c\u1eadp t\u1eeb b\u00ean th\u1ee9 3 trong c\u00e0i \u0111\u1eb7t Fanpage \u0111\u1ec3 g\u1eedi tin \u0111\u1ec3 g\u1eedi tin Khuy\u1ebfn M\u00e3i &#8211; Gi\u1ea3m Gi\u00e1 b\u1ea5t k\u1ef3 s\u1ed1 l\u01b0\u1ee3ng l\u1edbn cho kh\u00e1ch h\u00e0ng sau 24h n\u1ebfu kh\u00f4ng s\u1ebd b\u1ecb Facebook g\u1eedi c\u1ea3nh b\u00e1o c\u00f3 khi c\u00f2n b\u1ecb ch\u1eb7n H\u1ed9p th\u01b0 Fanpage v\u00e0 kh\u00f3a Page ( v\u00ec \u0111i\u1ec1u n\u00e0y s\u1ebd vi ph\u1ea1m lu\u1eadt 24h c\u1ee7a Facebook) . &#8211; Xem h\u00ecnh d\u01b0\u1edbi \u0111\u1ec3 bi\u1ebft c\u00e1ch xem \u0111\u1ec3 bi\u1ebft c\u00e1ch xem ph\u1ea7n m\u1ec1m n\u00e0o l\u00e0 ph\u1ea7n m\u1ec1m k\u1ebft n\u1ed1i Api ( nh\u00e0 ph\u00e1t tri\u1ec3n ) c\u1ee7a facebook , c\u1ea3 4 ph\u1ea7n m\u1ec1m trong \u00f4 d\u01b0\u1edbi \u0111\u1ec1u l\u00e0 c\u00f4ng c\u1ee5 k\u1ebft n\u1ed1i Api v\u00e0 n\u1ebfu d\u00f9ng \u0111\u1ec3 nh\u1eafn tin cho kh\u00e1ch h\u00e0ng h\u00e0ng lo\u1ea1t sau 24h th\u00ec s\u1ebd b\u1ecb fb \u0111\u00e1nh spam.<\/em><\/p>\n\n\n\n<figure class=\"wp-block-image size-full\"><img loading=\"lazy\" decoding=\"async\" width=\"659\" height=\"403\" src=\"https:\/\/autoinbox.com.vn\/trangchu\/wp-content\/uploads\/2022\/08\/image-1.png\" alt=\"\" class=\"wp-image-37\" srcset=\"https:\/\/autoinbox.com.vn\/trangchu\/wp-content\/uploads\/2022\/08\/image-1.png 659w, https:\/\/autoinbox.com.vn\/trangchu\/wp-content\/uploads\/2022\/08\/image-1-300x183.png 300w\" sizes=\"auto, (max-width: 659px) 100vw, 659px\" \/><\/figure>\n\n\n\n<figure class=\"wp-block-image size-full\"><img loading=\"lazy\" decoding=\"async\" width=\"589\" height=\"495\" src=\"https:\/\/autoinbox.com.vn\/trangchu\/wp-content\/uploads\/2022\/08\/image-2.png\" alt=\"\" class=\"wp-image-38\" srcset=\"https:\/\/autoinbox.com.vn\/trangchu\/wp-content\/uploads\/2022\/08\/image-2.png 589w, https:\/\/autoinbox.com.vn\/trangchu\/wp-content\/uploads\/2022\/08\/image-2-300x252.png 300w\" sizes=\"auto, (max-width: 589px) 100vw, 589px\" \/><\/figure>\n\n\n\n<figure class=\"wp-block-image size-full\"><img loading=\"lazy\" decoding=\"async\" width=\"888\" height=\"496\" src=\"https:\/\/autoinbox.com.vn\/trangchu\/wp-content\/uploads\/2022\/08\/image-3.png\" alt=\"\" class=\"wp-image-39\" srcset=\"https:\/\/autoinbox.com.vn\/trangchu\/wp-content\/uploads\/2022\/08\/image-3.png 888w, https:\/\/autoinbox.com.vn\/trangchu\/wp-content\/uploads\/2022\/08\/image-3-300x168.png 300w, https:\/\/autoinbox.com.vn\/trangchu\/wp-content\/uploads\/2022\/08\/image-3-768x429.png 768w\" sizes=\"auto, (max-width: 888px) 100vw, 888px\" \/><figcaption class=\"wp-element-caption\">Th\u00f4ng b\u00e1o khi vi ph\u1ea1m ch\u00ednh s\u00e1ch 24h c\u1ee7a Faceboo<\/figcaption><\/figure>\n\n\n\n<p><strong>\u0110\u00e2y l\u00e0 b\u1ea3ng so s\u00e1nh s\u1ef1 kh\u00e1c nhau gi\u1eefa Autoinbox v\u00e0 ph\u1ea7n m\u1ec1m c\u00f3 s\u1eed d\u1ee5ng k\u1ebft n\u1ed1i API v\u00ed d\u1ee5 nh\u01b0 Chatbot<\/strong><\/p>\n\n\n\n<figure class=\"wp-block-image size-full\"><img loading=\"lazy\" decoding=\"async\" width=\"898\" height=\"833\" src=\"https:\/\/autoinbox.com.vn\/trangchu\/wp-content\/uploads\/2022\/08\/image-4.png\" alt=\"\" class=\"wp-image-40\" srcset=\"https:\/\/autoinbox.com.vn\/trangchu\/wp-content\/uploads\/2022\/08\/image-4.png 898w, https:\/\/autoinbox.com.vn\/trangchu\/wp-content\/uploads\/2022\/08\/image-4-300x278.png 300w, https:\/\/autoinbox.com.vn\/trangchu\/wp-content\/uploads\/2022\/08\/image-4-768x712.png 768w\" sizes=\"auto, (max-width: 898px) 100vw, 898px\" \/><\/figure>\n","protected":false},"excerpt":{"rendered":"<p>Autoinbox.vn l\u00e0 m\u1ed9t ph\u1ea7n m\u1ec1m g\u1eedi tin nh\u1eafn t\u1ef1 \u0111\u1ed9ng tr\u00ean Fanpage v\u1edbi m\u1ee5c \u0111\u00edch gi\u00fap c\u00e1c doanh nghi\u1ec7p t\u0103ng doanh thu, gi\u1ea3m chi ph\u00ed qu\u1ea3ng c\u00e1o v\u00e0 t\u0103ng t\u1ed1i \u0111a \u0111i\u1ec3m ch\u1ea1m v\u00e0 \u0111\u1ed9 nh\u1eadn di\u1ec7n c\u1ee7a th\u01b0\u01a1ng hi\u1ec7u t\u1edbi kh\u00e1ch h\u00e0ng. Autoinbox.vn ho\u1ea1t \u0111\u1ed9ng m\u1ed9t c\u00e1ch an to\u00e0n, hi\u1ec7u qu\u1ea3 v\u00e0 \u0111\u00fang lu\u1eadt [&hellip;]<\/p>\n","protected":false},"author":1,"featured_media":0,"parent":0,"menu_order":0,"comment_status":"closed","ping_status":"closed","template":"","meta":{"footnotes":""},"class_list":["post-22","page","type-page","status-publish","hentry"],"_links":{"self":[{"href":"https:\/\/autoinbox.com.vn\/trangchu\/wp-json\/wp\/v2\/pages\/22","targetHints":{"allow":["GET"]}}],"collection":[{"href":"https:\/\/autoinbox.com.vn\/trangchu\/wp-json\/wp\/v2\/pages"}],"about":[{"href":"https:\/\/autoinbox.com.vn\/trangchu\/wp-json\/wp\/v2\/types\/page"}],"author":[{"embeddable":true,"href":"https:\/\/autoinbox.com.vn\/trangchu\/wp-json\/wp\/v2\/users\/1"}],"replies":[{"embeddable":true,"href":"https:\/\/autoinbox.com.vn\/trangchu\/wp-json\/wp\/v2\/comments?post=22"}],"version-history":[{"count":6,"href":"https:\/\/autoinbox.com.vn\/trangchu\/wp-json\/wp\/v2\/pages\/22\/revisions"}],"predecessor-version":[{"id":356,"href":"https:\/\/autoinbox.com.vn\/trangchu\/wp-json\/wp\/v2\/pages\/22\/revisions\/356"}],"wp:attachment":[{"href":"https:\/\/autoinbox.com.vn\/trangchu\/wp-json\/wp\/v2\/media?parent=22"}],"curies":[{"name":"wp","href":"https:\/\/api.w.org\/{rel}","templated":true}]}}