{"id":102,"date":"2022-08-06T07:24:39","date_gmt":"2022-08-06T07:24:39","guid":{"rendered":"https:\/\/autoinbox.com.vn\/trangchu\/?page_id=102"},"modified":"2022-08-06T07:24:40","modified_gmt":"2022-08-06T07:24:40","slug":"hdsd-phu-luc-1-tao-1-folder-de-cat-file-chrome-potable-va-extension","status":"publish","type":"page","link":"https:\/\/autoinbox.com.vn\/trangchu\/hdsd-phu-luc-1-tao-1-folder-de-cat-file-chrome-potable-va-extension\/","title":{"rendered":"HDSD &#8211; Ph\u1ee5 l\u1ee5c 1 &#8211; T\u1ea1o 1 Folder \u0111\u1ec3 c\u1ea5t file Chrome Potable v\u00e0 extension"},"content":{"rendered":"\n<p><strong>B\u01b0\u1edbc 1: <\/strong>K\u00edch chu\u1ed9t ph\u1ea3i <strong>ch\u1ecdn New \/ ch\u1ecdn Folder<\/strong><\/p>\n\n\n\n<figure class=\"wp-block-image size-large\"><img loading=\"lazy\" decoding=\"async\" width=\"1024\" height=\"576\" src=\"https:\/\/autoinbox.com.vn\/trangchu\/wp-content\/uploads\/2022\/08\/HDSD-Tai-Extension-1024x576.jpg\" alt=\"\" class=\"wp-image-103\" srcset=\"https:\/\/autoinbox.com.vn\/trangchu\/wp-content\/uploads\/2022\/08\/HDSD-Tai-Extension-1024x576.jpg 1024w, https:\/\/autoinbox.com.vn\/trangchu\/wp-content\/uploads\/2022\/08\/HDSD-Tai-Extension-300x169.jpg 300w, https:\/\/autoinbox.com.vn\/trangchu\/wp-content\/uploads\/2022\/08\/HDSD-Tai-Extension-768x432.jpg 768w, https:\/\/autoinbox.com.vn\/trangchu\/wp-content\/uploads\/2022\/08\/HDSD-Tai-Extension-1536x864.jpg 1536w, https:\/\/autoinbox.com.vn\/trangchu\/wp-content\/uploads\/2022\/08\/HDSD-Tai-Extension.jpg 1920w\" sizes=\"auto, (max-width: 1024px) 100vw, 1024px\" \/><\/figure>\n\n\n\n<p><strong>B\u01b0\u1edbc 2:<\/strong> \u0110\u1ed5i t\u00ean th\u00e0nh Autoinbox<\/p>\n\n\n\n<figure class=\"wp-block-image size-large\"><img loading=\"lazy\" decoding=\"async\" width=\"1024\" height=\"576\" src=\"https:\/\/autoinbox.com.vn\/trangchu\/wp-content\/uploads\/2022\/08\/Dang-nhap-Buoc-1-Mo-trinh-duyet-Google-Chrome-truy-cap-trang-web-autoinbox.vn_-1-1024x576.jpg\" alt=\"\" class=\"wp-image-104\" srcset=\"https:\/\/autoinbox.com.vn\/trangchu\/wp-content\/uploads\/2022\/08\/Dang-nhap-Buoc-1-Mo-trinh-duyet-Google-Chrome-truy-cap-trang-web-autoinbox.vn_-1-1024x576.jpg 1024w, https:\/\/autoinbox.com.vn\/trangchu\/wp-content\/uploads\/2022\/08\/Dang-nhap-Buoc-1-Mo-trinh-duyet-Google-Chrome-truy-cap-trang-web-autoinbox.vn_-1-300x169.jpg 300w, https:\/\/autoinbox.com.vn\/trangchu\/wp-content\/uploads\/2022\/08\/Dang-nhap-Buoc-1-Mo-trinh-duyet-Google-Chrome-truy-cap-trang-web-autoinbox.vn_-1-768x432.jpg 768w, https:\/\/autoinbox.com.vn\/trangchu\/wp-content\/uploads\/2022\/08\/Dang-nhap-Buoc-1-Mo-trinh-duyet-Google-Chrome-truy-cap-trang-web-autoinbox.vn_-1-1536x864.jpg 1536w, https:\/\/autoinbox.com.vn\/trangchu\/wp-content\/uploads\/2022\/08\/Dang-nhap-Buoc-1-Mo-trinh-duyet-Google-Chrome-truy-cap-trang-web-autoinbox.vn_-1.jpg 1920w\" sizes=\"auto, (max-width: 1024px) 100vw, 1024px\" \/><\/figure>\n\n\n\n<p><strong>B\u01b0\u1edbc 3:<\/strong> B\u00f4i \u0111en 4 t\u1ec7p v\u1eeba t\u1ea3i xu\u1ed1ng v\u00e0 gi\u1ea3i n\u00e9n sau \u0111\u00f3 nh\u1ea5n chu\u1ed9t ph\u1ea3i <strong>ch\u1ecdn Cut<\/strong><\/p>\n\n\n\n<figure class=\"wp-block-image size-large\"><img loading=\"lazy\" decoding=\"async\" width=\"1024\" height=\"576\" src=\"https:\/\/autoinbox.com.vn\/trangchu\/wp-content\/uploads\/2022\/08\/HDSD-Phu-luc-1-Tao-1-Folder-de-cat-file-chrome-Potable-va-extension-1024x576.jpg\" alt=\"\" class=\"wp-image-105\" srcset=\"https:\/\/autoinbox.com.vn\/trangchu\/wp-content\/uploads\/2022\/08\/HDSD-Phu-luc-1-Tao-1-Folder-de-cat-file-chrome-Potable-va-extension-1024x576.jpg 1024w, https:\/\/autoinbox.com.vn\/trangchu\/wp-content\/uploads\/2022\/08\/HDSD-Phu-luc-1-Tao-1-Folder-de-cat-file-chrome-Potable-va-extension-300x169.jpg 300w, https:\/\/autoinbox.com.vn\/trangchu\/wp-content\/uploads\/2022\/08\/HDSD-Phu-luc-1-Tao-1-Folder-de-cat-file-chrome-Potable-va-extension-768x432.jpg 768w, https:\/\/autoinbox.com.vn\/trangchu\/wp-content\/uploads\/2022\/08\/HDSD-Phu-luc-1-Tao-1-Folder-de-cat-file-chrome-Potable-va-extension-1536x864.jpg 1536w, https:\/\/autoinbox.com.vn\/trangchu\/wp-content\/uploads\/2022\/08\/HDSD-Phu-luc-1-Tao-1-Folder-de-cat-file-chrome-Potable-va-extension.jpg 1920w\" sizes=\"auto, (max-width: 1024px) 100vw, 1024px\" \/><\/figure>\n\n\n\n<p><strong>Sau khi xong m\u00e0n h\u00ecnh s\u1ebd hi\u1ec7n ra Folder nh\u01b0 \u1ea3nh. B\u1ea1n c\u00f3 th\u1ec3 chuy\u1ec3n Folder n\u00e0y sang \u1ed5 C ho\u1eb7c \u1ed5 D \u0111\u1ec3 l\u01b0u tr\u1eef<\/strong><\/p>\n\n\n\n<figure class=\"wp-block-image size-large\"><img loading=\"lazy\" decoding=\"async\" width=\"1024\" height=\"576\" src=\"https:\/\/autoinbox.com.vn\/trangchu\/wp-content\/uploads\/2022\/08\/HDSD-Phu-luc-1-Tao-1-Folder-de-cat-file-chrome-Potable-va-extension-3-1024x576.jpg\" alt=\"\" class=\"wp-image-106\" srcset=\"https:\/\/autoinbox.com.vn\/trangchu\/wp-content\/uploads\/2022\/08\/HDSD-Phu-luc-1-Tao-1-Folder-de-cat-file-chrome-Potable-va-extension-3-1024x576.jpg 1024w, https:\/\/autoinbox.com.vn\/trangchu\/wp-content\/uploads\/2022\/08\/HDSD-Phu-luc-1-Tao-1-Folder-de-cat-file-chrome-Potable-va-extension-3-300x169.jpg 300w, https:\/\/autoinbox.com.vn\/trangchu\/wp-content\/uploads\/2022\/08\/HDSD-Phu-luc-1-Tao-1-Folder-de-cat-file-chrome-Potable-va-extension-3-768x432.jpg 768w, https:\/\/autoinbox.com.vn\/trangchu\/wp-content\/uploads\/2022\/08\/HDSD-Phu-luc-1-Tao-1-Folder-de-cat-file-chrome-Potable-va-extension-3-1536x864.jpg 1536w, https:\/\/autoinbox.com.vn\/trangchu\/wp-content\/uploads\/2022\/08\/HDSD-Phu-luc-1-Tao-1-Folder-de-cat-file-chrome-Potable-va-extension-3.jpg 1920w\" sizes=\"auto, (max-width: 1024px) 100vw, 1024px\" \/><\/figure>\n","protected":false},"excerpt":{"rendered":"<p>B\u01b0\u1edbc 1: K\u00edch chu\u1ed9t ph\u1ea3i ch\u1ecdn New \/ ch\u1ecdn Folder B\u01b0\u1edbc 2: \u0110\u1ed5i t\u00ean th\u00e0nh Autoinbox B\u01b0\u1edbc 3: B\u00f4i \u0111en 4 t\u1ec7p v\u1eeba t\u1ea3i xu\u1ed1ng v\u00e0 gi\u1ea3i n\u00e9n sau \u0111\u00f3 nh\u1ea5n chu\u1ed9t ph\u1ea3i ch\u1ecdn Cut Sau khi xong m\u00e0n h\u00ecnh s\u1ebd hi\u1ec7n ra Folder nh\u01b0 \u1ea3nh. B\u1ea1n c\u00f3 th\u1ec3 chuy\u1ec3n Folder n\u00e0y sang \u1ed5 C [&hellip;]<\/p>\n","protected":false},"author":2,"featured_media":0,"parent":0,"menu_order":0,"comment_status":"closed","ping_status":"closed","template":"","meta":{"footnotes":""},"class_list":["post-102","page","type-page","status-publish","hentry"],"_links":{"self":[{"href":"https:\/\/autoinbox.com.vn\/trangchu\/wp-json\/wp\/v2\/pages\/102","targetHints":{"allow":["GET"]}}],"collection":[{"href":"https:\/\/autoinbox.com.vn\/trangchu\/wp-json\/wp\/v2\/pages"}],"about":[{"href":"https:\/\/autoinbox.com.vn\/trangchu\/wp-json\/wp\/v2\/types\/page"}],"author":[{"embeddable":true,"href":"https:\/\/autoinbox.com.vn\/trangchu\/wp-json\/wp\/v2\/users\/2"}],"replies":[{"embeddable":true,"href":"https:\/\/autoinbox.com.vn\/trangchu\/wp-json\/wp\/v2\/comments?post=102"}],"version-history":[{"count":1,"href":"https:\/\/autoinbox.com.vn\/trangchu\/wp-json\/wp\/v2\/pages\/102\/revisions"}],"predecessor-version":[{"id":107,"href":"https:\/\/autoinbox.com.vn\/trangchu\/wp-json\/wp\/v2\/pages\/102\/revisions\/107"}],"wp:attachment":[{"href":"https:\/\/autoinbox.com.vn\/trangchu\/wp-json\/wp\/v2\/media?parent=102"}],"curies":[{"name":"wp","href":"https:\/\/api.w.org\/{rel}","templated":true}]}}